. Suppose -5 = -3*y + 4. What is j(y)?
-1
Let b(l) be the second derivative of -l**3/3 + 9*l. Give b(-3).
6
Let o(m) be the third derivative of m**4/12 - m**3 + 4*m**2. Calculate o(6).
6
Let u(b) be the second derivative of -b**2 + 0 + 2/3*b**3 - 1/4*b**4 - 6*b. What is u(2)?
-6
Let p(z) = z**2 + 3*z - 2. Suppose 0 = -5*u + 12 - 2. What is p(u)?
8
Let w(o) = -1 + 3 + 166*o**3 + o**2 + 2*o**2 - 167*o**3. Calculate w(2).
6
Let r(z) = 2 - 66*z + 7 + 65*z. What is r(5)?
4
Let n(z) = 134 - z**2 + 143 - 277. Give n(-1).
-1
Let c(j) = j**3 - 10*j**2 + 3*j + 7. Let g(u) = 2*u**3 - 21*u**2 + 5*u + 15. Let x(o) = -7*c(o) + 3*g(o). What is x(6)?
-4
Let u(s) = -s**3 + s**2 + 3*s + 3 - 5 + s + 0*s**2. Calculate u(3).
-8
Let m(d) = -3*d**3 + 21*d**2 - 3*d + 37. Let a(u) = -u**3 + 7*u**2 - u + 12. Let h(b) = 7*a(b) - 2*m(b). What is h(7)?
3
Let a(p) = -13 + 3*p**2 - 8*p - p**3 - 8*p**2 + 15*p**2. Let t be a(9). Let c(b) = b + 3. Determine c(t).
-1
Let b(w) = w**3 - 6*w**2 - 8*w. Suppose 3*f = -2*f + 35. What is b(f)?
-7
Let p(g) be the second derivative of g**3/6 - g**2 - 2*g. Suppose -m = 4*j + 17, m = 2*m - 3. Determine p(j).
-7
Let h(u) = -4*u**3 + 2*u**2 + 3*u + 4. Let j(x) = -3*x**3 + 2*x**2 + 2*x + 3. Let w(o) = -4*h(o) + 5*j(o). Suppose 3*r - 13 = -r + c, 4*r = -3*c - 7. Give w(r).
11
Suppose -3*j + j + 6 = 0. Let p(w) = -15*w + 13. Let u(n) = -7*n + 6. Let a(g) = -2*p(g) + 5*u(g). What is a(j)?
-11
Let a(r) = -2*r - 5. Let l be (2 - 0)/((-2)/7). Let j be a(l). Suppose -w - 8 = -5*f + j, 4*w - 32 = -5*f. Let k(h) = -2*h. What is k(w)?
-6
Let o(a) = a**2 + 5*a + 1. Let l(d) = d**2 - 2*d + 4. Let b be l(3). Let s(w) = -2*w + 7. Let y be s(8). Let r be b/(-3) - (-6)/y. Determine o(r).
-5
Let i = 3 - 3. Suppose 2*c - c + 4 = i. Let h(k) be the second derivative of k**5/20 + k**4/4 - k**3/3 + 3*k**2/2 - k. Determine h(c).
-5
Let r = 0 - -4. Let j(c) = -2 + 3*c**2 + c - c**3 + r - 3*c. What is j(3)?
-4
Let d(k) be the first derivative of -k**5/20 + k**4/12 - k**3/2 + 3*k**2/2 - 2*k - 7. Let a(x) be the first derivative of d(x). What is a(2)?
-7
Let p be 2/(-4)*0/4. Let v(i) = -i**2 + i - 4. Let k be v(p). Let w(z) = z**2 + 1. Let n(a) = -a**3 - 9*a**2 + 6*a - 2. Let o(f) = -n(f) - 6*w(f). What is o(k)?
4
Let w(b) = -4*b**2 - 3*b - 3. Let i = 3 + -6. Let g(k) = -9*k**2 - 6*k - 7. Let j(z) = i*g(z) + 7*w(z). Give j(-4).
-4
Suppose 8*o = 6*o + 28. Let j = -26 + 18. Let m = j + o. Let h(n) = n**2 - 6*n + 1. Determine h(m).
1
Let k(n) = 5*n + 1. Let u(d) = -d**2 + 7*d - 5. Let x be u(7). Let z(t) = -9*t - 2. Let h(j) = x*k(j) - 3*z(j). Calculate h(2).
5
Suppose 16*c = 15*c + 6. Let z(i) = i**2 - 4*i - 6. What is z(c)?
6
Let m(f) = 4*f + 1. Suppose -4*g + g + 15 = 0. Suppose 3 = -g*x - 5*z + 23, 0 = 5*z - 5. Suppose x*j - 8 = -j. Calculate m(j).
9
Let h be ((-24)/40)/((-2)/10). Let o(u) = u**3 - 2*u**2 - 5*u + 2. Determine o(h).
-4
Let l = -53 - -75. Let o be (-6)/8 + l/8. Let c(r) = -9*r - o*r**2 + 1 + 5*r**3 + 9*r. Calculate c(1).
4
Let i(n) = -10*n**3 - 1. Let a(g) = g**2 - g + 2. Let h be a(2). Let l = 0 + 3. Let v = l - h. Calculate i(v).
9
Suppose 0 = t + 5*l - 4, -2*t - 2*l + 8 = -5*l. Let p(o) = t + 1 + 1 - 5 - 3*o. Calculate p(4).
-11
Let j(s) = 2*s**2 + 1. Let f(m) = -m + 8. Let t be f(10). Let h be t/(-5) + 35/(-25). Give j(h).
3
Let c(k) = k**2 + 9*k + 2. Let o be (-3 - 7)*(2 + (-1)/1). Calculate c(o).
12
Let w(r) = 7*r**2 + 11*r + 2. Let m(l) = -8*l**2 - 12*l - 3. Let n(x) = -6*m(x) - 7*w(x). Give n(-6).
-2
Let l be (8/(-10))/((-12)/30). Let f(m) = m**2 - m. Determine f(l).
2
Let w(k) = 5*k**2 - 2*k - 1. Let q(f) = f**2 + 5*f + 3. Let r be q(-5). Suppose 6 = -r*x + 3. Calculate w(x).
6
Let t(h) = 87*h - 42*h + 4 - 44*h. Calculate t(4).
8
Let v(b) = b**2 - 29*b + 49. Let o be v(27). Let d(x) = x + 5. What is d(o)?
0
Let y(i) be the second derivative of i**4/12 - i**2/2 + i. Let p(c) = 4 - c - 3*c + 3*c. Let x be p(3). Determine y(x).
0
Let q(w) = 2*w**2 - 3*w + 3. Let m(v) be the second derivative of v**3/6 + 7*v**2/2 - 4*v. Let n be m(-5). What is q(n)?
5
Let m(p) = p**3 + 3*p**2 - 2*p + 3. Let v = 2 + -2. Suppose -4*j - 4 = 3*z - 7*z, v = -3*j - z + 9. Suppose t + n = -j, 5*t - 2*n + 7 + 17 = 0. Calculate m(t).
-5
Suppose -10 + 2 = g - 2*a, -3*g = -a - 1. Let l(v) = -7*v + v**3 + 3*v**2 - g*v**2 + 0*v**2 + 3*v. Determine l(-3).
-6
Suppose -5*x - 32 = -2*t, x = -0*x + 5*t - 11. Let i(b) = -b**3 - 7*b**2 - 6*b + 8. Calculate i(x).
8
Suppose -2*f + 2*l = -6, -2*f = -3*l - 2*l + 6. Suppose 0 = -f*x + 2*x. Let n(s) = -s**3 - s**2 - 10. Give n(x).
-10
Let w(p) be the second derivative of -p**5/20 + p**4/2 + 5*p**2/2 - 7*p. What is w(6)?
5
Let k(s) = s**2 + 2*s - 3. Let r(a) = -a - 2. Let d be r(2). What is k(d)?
5
Let g(y) = 8*y**2 - y + 1. Let j be -2 + (-4 + 3 - -7 - 3). Give g(j).
8
Let z(k) = 2 - k - 6*k**2 + 3*k - 3. Let h(c) = 25*c**2 - 8*c + 5. Let q(p) = -2*h(p) - 9*z(p). Determine q(-1).
5
Let w(g) = -g**2 - 6*g + 7. Suppose -12 = t - 7. Calculate w(t).
12
Let r = -41 + 14. Let i be (3 + -1)/(18/r). Let g(j) = 2*j**2 + j - 3. What is g(i)?
12
Let b(l) = -8*l + 2*l**2 + 8*l. Suppose -5*p + 45 = 2*v, 0*v = 2*p + 3*v - 29. Suppose p = 4*a - 3*y, 4*a + y + 7 = 3*a. Calculate b(a).
8
Let r(q) = 0*q + 1 + 3 - q - 3 + q**2. Let i = 6 + -8. What is r(i)?
7
Let p(a) = -5*a - 2. Let z be (1/3)/(6/(-18)). Let f be (-5)/((-5)/12) - z. Suppose 18 = -3*l - 3*v, 3*l = -4*v - 35 + f. Calculate p(l).
8
Let k(j) = 0*j + 2*j - 1 - 2*j - 2*j**3. Let r be k(1). Let p(v) = 2*v + 0 - 4 + 1. Determine p(r).
-9
Let y(t) = -t**3 - 6*t**2 - 5*t - 4. Let v(m) = 0*m + 1 + 4*m - 2*m. Let h be v(-3). What is y(h)?
-4
Let i(d) = -d**3 + 2*d**2 + 7 + 4*d**2 - 4*d - 3. Calculate i(5).
9
Let a(b) = -2*b - 2. Let r be a(-2). Let h = -17 - -24. Let v(j) = -j - h - 2*j - r*j - j**2. Determine v(-5).
-7
Let l(y) = -y**2 - 13*y - 2. Let d be l(-13). Let x(o) = o + 2*o + 3 + 0*o. Determine x(d).
-3
Suppose l - 3*d - 15 = 4*l, 0 = -5*l - 4*d - 30. Let g(f) = -f**3 - 11*f**2 - 10*f - 4. Give g(l).
-4
Let o(r) = -r**3 - 5*r**2 + 8*r + 6. Suppose 6 = 3*f, 3*k + 2 = -5*f - 6. Give o(k).
-6
Let v(g) = -5*g + 10*g - 6*g. Calculate v(-3).
3
Let c be (10/(-8) - 1)/((-3)/(-8)). Let y(i) = -i**3 - 6*i**2. Determine y(c).
0
Let o(j) = -j - 2. Let z be o(-5). Let d(x) = 0*x**3 + 3 - 4*x**2 + x**z + 2*x**2. What is d(3)?
12
Let h(u) be the second derivative of -u**3/6 + 2*u**2 - 20*u. What is h(0)?
4
Let n(b) = -4*b - 4*b**2 - 3*b + 3*b**2 - 3 - 2. Determine n(-7).
-5
Let s = -4 - -8. Let c(w) be the first derivative of -w - 12 - 1/2*w**2. Calculate c(s).
-5
Let r(d) = -9*d**3 + 4*d**2 + 2*d - 3. Let y(u) = 8*u**3 - 3*u**2 - u + 2. Let h(l) = -3*r(l) - 4*y(l). What is h(1)?
-6
Let u(v) = v**2 + 0 + 9*v**3 - 1 - 8*v**3 + v + 0. Suppose 0*a = 4*a - 16. Let l be 6/8 + 1/a. Give u(l).
2
Let h(o) = o + 1. Let z(j) = -5*j - 4. Let d(p) = 4*h(p) + z(p). Let l(v) = v - 2. Let u be l(4). Suppose -8 = u*q - 0*q. Determine d(q).
4
Let n(s) = -49*s**2 - 1 + s**3 + s + 17*s**2 + 15*s**2 + 18*s**2. Give n(-2).
-7
Let t(z) = -15*z + z**2 - 20*z - 5 + 30*z. Give t(7).
9
Let x = -31 + 28. Let t(s) = -8*s**2 - 10*s + 7. Let y(d) = d**2 + d - 1. Let n(g) = -t(g) - 6*y(g). What is n(x)?
5
Let k(j) = -j**2 + j**3 + 6*j**2 - 21*j + 8*j + 11*j. Determine k(-5).
10
Let i be 9/(-4)*8/(-3). Let r(n) = 2*n - 7*n**2 + 15 + 0*n**3 - 18 + 4*n + n**3. Calculate r(i).
-3
Let z = -1 + 8. Let b(i) = 15*i**2 - 9*i**2 - i**3 + 4 - z*i + 1. What is b(5)?
-5
Let s(w) be the first derivative of -w**2/2 + 5*w + 11. Give s(-5).
10
Let s(q) = -5*q**3 + 13*q**2 + 7*q. Let j(x) = -4*x**3 + 12*x**2 + 6*x + 1. Let p(o) = 6*j(o) - 5*s(o). Calculate p(-7).
-1
Let a(d) be the third derivative of -d**6/120 - 7*d**5/60 - d**4/8 - 3*d**3/2 + 2*d**2. Calculate a(-7).
12
Let s = 0 - 1. Let v = s + -3. Let u(f) = 2*f**2 + 2*f + 4*f**3 - 3*f**3 + 3*f**2. What is u(v)?
8
Suppose -m = 4*d - 8 + 3, -3*m + 3*d = -15. Let x(g) = -5*g + g**2 + g - m + 0*g. Let r be (-3)/(2/8*-3). What is x(r)?
-5
Let o be 370/45 + 6/(-27). Let x(i) = i**3 - 9*i**2 + 9*i - 2. What is x(o)?
6
Let d be 0/(-2) + 12/6. Let t(m) = 4*m**2 - 2*m**3 + d*m**3 - m**3 - m. Calculate t(4).
-4
Let n(g) = -g**3 - 2*g - 1. Suppose 4*x = 3*m + 22, -m - 22 = -0*m - 5*x. What is n(m)?
11
Let